(w) = w**2 + 1. Let v(s) = 6*i(s) - u(s). List the prime factors of v(4).
2, 47
Let w = 8 - 4. Suppose 5*x - 5*i + 10 = 0, w*x - i - 7 = -0*x. Suppose x*a - 38 = p, 4*a - 45 = -a - 2*p. What are the prime factors of a?
11
Let d(a) = -2*a**2 - 11*a - 12. Let z be d(-4). Suppose z = b - 7*b + 456. List the prime factors of b.
2, 19
Let l(h) = 7*h**3 + 5*h**2 - 4*h - 6. What are the prime factors of l(3)?
2, 3
What are the prime factors of 544/51*1/((-1)/(-48))?
2
Suppose 4 + 16 = 4*b. Suppose o = b*o. Suppose -3*z - 5*p + 13 + 8 = o, 2*z - 3*p - 14 = 0. What are the prime factors of z?
7
Let x(u) = -u**3 + 8*u**2 + 8*u + 1. Let w be (2/(-4))/((-3 + 7)/(-64)). What are the prime factors of x(w)?
5, 13
Suppose 18*k = -2*k + 38620. What are the prime factors of k?
1931
Let j(a) = 87*a + 22 + 98*a - 201*a. What are the prime factors of j(-5)?
2, 3, 17
Let x = 766 + -122. List the prime factors of x.
2, 7, 23
Suppose -5*g + 7 - 7 = 0. Suppose 0 = 2*w + 4*f - 96, 3*w - 2*w + 4*f - 40 = g. What are the prime factors of w?
2, 7
Suppose -35*j + 122266 + 34884 = 0. What are the prime factors of j?
2, 5, 449
Suppose 0 = 2*h - 3*d - 4, -h - 2*d = -3*h. Let b(a) = -3*a + 3. Let v be b(h). Let n = v + -12. What are the prime factors of n?
3
Suppose 20*j = 27*j - 16940. List the prime factors of j.
2, 5, 11
Let u = 2 - -2. Suppose 20 = u*i - 28. Suppose c - i = 8. What are the prime factors of c?
2, 5
Suppose -2*r = -4*t - 112, 3*r = -5*t + 5*r - 139. Let q = t + 38. List the prime factors of q.
11
Let w = 45 - 47. What are the prime factors of (6/9)/(w/(-429)) + 0?
11, 13
Suppose -17 = -3*k + 4*s, -3*s + 6 = -2*k + 6*k. Let t(m) = -m. Let o be t(k). What are the prime factors of o/9*0 - -24?
2, 3
Let w = 77 + -46. Suppose -3*b - s = -127, 4*b = -4*s - w + 187. What are the prime factors of b?
2, 11
Suppose -2*m + 10*r = 9*r - 3373, 0 = 2*r + 6. List the prime factors of m.
5, 337
Let c(b) = -b + 19. Let t be c(-13). Suppose 0 = 4*z + 3*k - 64, -4*k = 3*z - t - 16. List the prime factors of z.
2
Let f(p) = -4*p**3 - 1. Let i be f(-1). Let k be 1*i*(-10 - -11). Suppose q + 4*b = 0, -5 = 2*b + k. What are the prime factors of q?
2
Let q = 2154 - -2426. What are the prime factors of q?
2, 5, 229
Let d = 4 - 7. Let o be (-4)/(-2*d/(-6)). Suppose 3*w - 4*g = 49, -3*w - g = -o*g - 48. What are the prime factors of w?
3, 5
Let v(c) = 432*c - 36. What are the prime factors of v(3)?
2, 3, 5, 7
List the prime factors of (-23 - -194) + 0 + -2.
13
Let a be (5 - 9)*4 + 4/(-1). Let b = 198 + a. What are the prime factors of b?
2, 89
Suppose k = 5*r + 2*k - 14, 0 = 4*k + 4. List the prime factors of (9/5)/(76/25 - r).
3, 5
Let v(j) be the second derivative of -j**3/6 + j**2/2 + 2*j. Let i be v(1). Let c = i - -9. List the prime factors of c.
3
Let z(t) = -3*t + 350. Let w be z(0). Suppose 0 = -5*o - 4*i + 341, -5*o + w = 3*i - 8*i. List the prime factors of o.
3, 23
Let q = 7253 + -4861. List the prime factors of q.
2, 13, 23
Let n(y) = -46*y - 6. What are the prime factors of n(-9)?
2, 3, 17
Suppose 16 = 13*d - 5*d. Let s(i) = 23*i**3 + 2*i**2 - 3*i. List the prime factors of s(d).
2, 3, 31
Let d(f) = -f**3 + 12*f**2 - 6*f - 3. Let h be d(11). What are the prime factors of (-4052)/(-26) + 8/h?
2, 3, 13
Let s(x) = x**3 + 16*x**2 - 11*x - 31. What are the prime factors of s(-14)?
5, 103
Let m(o) be the third derivative of o**6/120 + o**5/6 + o**4/8 + 11*o**3/6 + 40*o**2. What are the prime factors of m(-6)?
137
Let c be 8/(-12) + 34/6. Suppose -2*k = -p + 2, 0*k = c*k - 5. Suppose 80 = p*t - 0*t + 4*a, a = t - 14. List the prime factors of t.
17
Suppose 2*p - 4 = p. Suppose 386 = p*x + 3*q - 8*q, 4*x - 370 = -3*q. Suppose 26 = 4*t - x. List the prime factors of t.
2, 3, 5
Suppose -345 = -2*l + 69. List the prime factors of l.
3, 23
Suppose 5 = -o - 3*i, -3*o = -5*i - 11 - 16. Suppose 1 = -j - o, 5*d + 30 = j. Let w(a) = -a**3 - 7*a**2 - 4*a - 2. List the prime factors of w(d).
2, 13
Suppose -o = -2, -2*f - 387 = -5*o + 133. Let w = f - -404. List the prime factors of w.
149
Let p be (1 - 0)/((-1)/(-4)). Let l be 1*(3 + 2) + -2 + -1. Suppose t - l*t = -p. What are the prime factors of t?
2
Let o(u) = u**3 + 6*u**2 + 4*u + 1. Let l be o(-5). Suppose 18 = l*v - 3*v. What are the prime factors of 27/5 + v/10?
2, 3
Let a(x) = -3*x - 5 - 7 + 208. List the prime factors of a(0).
2, 7
Let l(i) = 3*i**3 + i**2 + 14*i - 50. What are the prime factors of l(5)?
2, 3, 5, 7
Let a(f) = -29 + 5 - 4*f - 11*f. List the prime factors of a(-17).
3, 7, 11
Let p(h) = 19*h**2 - 15*h - 11. List the prime factors of p(-9).
1663
Let o = 853 + 266. What are the prime factors of o?
3, 373
Let a(t) = -t**3 - t + 238. Let q be a(0). Suppose 0 = -5*m + 3*x - 382, -x - 3*x = -3*m - q. What are the prime factors of (-4)/6 + m/(-3)?
2, 3
Let t = 123 + -121. Suppose t*g = -2*f - 148 + 528, -f - 2*g + 185 = 0. What are the prime factors of f?
3, 5, 13
Suppose 3*r = -4*b + 2*b + 16, 4*b = -2*r + 16. Suppose -6*i = -2*i + r*j - 292, 5*j + 103 = i. What are the prime factors of i?
2, 3, 13
Suppose -5*w = -2 - 13. Suppose -114 = -w*j - 6. Suppose 0 = -3*d + 2*d + j. List the prime factors of d.
2, 3
Suppose 2*o = 3*o - 5. Suppose 3*a + 2*z - 94 = 116, -o*a - 3*z = -350. List the prime factors of a.
2, 5, 7
Let q(x) = 3*x**2 - 3*x - 310. List the prime factors of q(-39).
2, 5, 19, 23
Let v = -35 + 76. Let h = -19 + v. List the prime factors of 0 - 0 - (3 - h).
19
Let x(z) be the third derivative of 0 - 1/12*z**5 + 1/120*z**6 + 1/8*z**4 - 1/3*z**3 + 0*z + 5*z**2. What are the prime factors of x(6)?
2, 13
Let u = 11 - 7. Suppose -u*l + 32 = 2*x, l - 5*x - 18 = -3*l. List the prime factors of l.
7
Let w = 1863 + -1192. What are the prime factors of w?
11, 61
Suppose 3*j - 53025 = -12*j. List the prime factors of j.
5, 7, 101
Suppose 2363 + 3577 = 15*v. What are the prime factors of v?
2, 3, 11
Let m = 432 - 356. What are the prime factors of m?
2, 19
Let l(x) be the second derivative of x**5/20 + 11*x**4/12 - 5*x**3/3 - 17*x**2/2 - 18*x. What are the prime factors of l(-11)?
3, 31
Let r = 201 - -103. What are the prime factors of r?
2, 19
Suppose -8*d + 3*d + 3*k - 2 = 0, -6 = 3*d - 3*k. Suppose d*n - 405 = -5*c, -2*n = -6*n. What are the prime factors of c?
3
Let l(g) = -g**3 + 15*g**2 - 3*g + 4. What are the prime factors of l(10)?
2, 3, 79
Suppose 0 = -2*l + 2678 + 4876. List the prime factors of l.
3, 1259
Let t = 40 + -20. Let w = 30 + t. List the prime factors of w.
2, 5
Let z be (-1 + 37)*(1 - -1). Let q = z + -51. List the prime factors of q.
3, 7
Suppose 5*m + 361*y = 360*y + 4786, -m + 942 = 4*y. List the prime factors of m.
2, 479
Let r(l) be the second derivative of -1/2*l**2 + 1/20*l**5 + 0 - 1/6*l**3 - 1/12*l**4 - 4*l. What are the prime factors of r(4)?
43
Let n(j) = -j**2 + 4*j + 14. Let t be n(6). Suppose 4*x = -3*q + t*x + 17, 5*q - 22 = 3*x. Suppose -q = g - 5*o, 2*o + 20 = 7*o. List the prime factors of g.
3, 5
List the prime factors of (-3435)/(-18) - (75/(-18) - -4).
191
Suppose 2023*s = 2032*s - 13932. List the prime factors of s.
2, 3, 43
Let t = 38 + -38. Suppose t*r + 2*r - 3*u = 352, 2*u = -4*r + 704. What are the prime factors of r?
2, 11
Suppose -116 = 4*p - 136. Suppose -12 = -p*s + 8. What are the prime factors of s?
2
Let q(b) = 5*b**2 + 3*b + 2. Suppose m = -5*r - 0*m + 69, -4*r - 3*m + 64 = 0. Let i = r - 16. What are the prime factors of q(i)?
2, 19
Suppose 2*c - c - 651 = -5*z, -4*z - 3*c + 512 = 0. Suppose -5*h - 430 = -5*p, 5*p + z = 3*h + 561. What are the prime factors of p?
2, 43
Let i be (-6)/(5/(5/(-2))). Suppose 3*f = -3*y - 28 + 7, -i*y = 5*f + 33. What are the prime factors of (14/(-6) - 1)*f?
2, 5
Let q(d) = 3*d**2 - 2*d + 118. List the prime factors of q(-19).
3, 7, 59
Suppose 3*a - 16 = a. Suppose 5 + 5 = 5*r + l, -4*r + a = -3*l. Suppose -3*o + 28 = -r*o - 2*j, j + 94 = 3*o. List the prime factors of o.
2
Let z = -117 + 70. Let t = z - -93. What are the prime factors of t?
2, 23
Let j be ((-36)/16)/((-9)/24). Suppose j*o - 171 = 159. List the prime factors of o.
5, 11
Suppose -10*u - 8 = -38. Let v = 53 + u. List the prime factors of v.
2, 7
Let m = -1283 - -5776. List the prime factors of m.
4493
Let p be (5 + -50)*76/12. Let s = 493 + p. Suppose -z + 126 = 3*o, 0